 the remainder when 886 is divided by 269.
79
Calculate the remainder when 355 is divided by 18.
13
What is the remainder when 2876 is divided by 5?
1
What is the remainder when 761 is divided by 253?
2
What is the remainder when 54262 is divided by 12?
10
What is the remainder when 416 is divided by 42?
38
Calculate the remainder when 889 is divided by 36.
25
Calculate the remainder when 228 is divided by 10.
8
Calculate the remainder when 296 is divided by 6.
2
Calculate the remainder when 27 is divided by 16.
11
What is the remainder when 83 is divided by 18?
11
Calculate the remainder when 10149 is divided by 10.
9
Calculate the remainder when 163 is divided by 58.
47
Calculate the remainder when 4886 is divided by 182.
154
What is the remainder when 614 is divided by 124?
118
What is the remainder when 57 is divided by 16?
9
What is the remainder when 4704 is divided by 162?
6
Calculate the remainder when 689 is divided by 164.
33
Calculate the remainder when 667 is divided by 134.
131
Calculate the remainder when 285 is divided by 68.
13
What is the remainder when 15 is divided by 10?
5
What is the remainder when 143 is divided by 38?
29
What is the remainder when 1338 is divided by 103?
102
What is the remainder when 1847 is divided by 10?
7
What is the remainder when 204 is divided by 57?
33
What is the remainder when 1435 is divided by 20?
15
Calculate the remainder when 1291 is divided by 341.
268
What is the remainder when 118 is divided by 30?
28
Calculate the remainder when 1480 is divided by 26.
24
Calculate the remainder when 1296 is divided by 218.
206
What is the remainder when 163 is divided by 11?
9
What is the remainder when 3326 is divided by 18?
14
Calculate the remainder when 2577 is divided by 20.
17
What is the remainder when 415 is divided by 26?
25
What is the remainder when 330 is divided by 10?
0
What is the remainder when 436 is divided by 108?
4
What is the remainder when 404 is divided by 54?
26
What is the remainder when 484 is divided by 273?
211
Calculate the remainder when 473 is divided by 37.
29
Calculate the remainder when 98 is divided by 17.
13
Calculate the remainder when 580 is divided by 119.
104
Calculate the remainder when 7976 is divided by 195.
176
Calculate the remainder when 234 is divided by 3.
0
What is the remainder when 160 is divided by 75?
10
What is the remainder when 2987 is divided by 13?
10
Calculate the remainder when 589 is divided by 5.
4
Calculate the remainder when 282 is divided by 29.
21
Calculate the remainder when 177 is divided by 91.
86
Calculate the remainder when 131 is divided by 40.
11
What is the remainder when 2437 is divided by 106?
105
Calculate the remainder when 412 is divided by 26.
22
Calculate the remainder when 138 is divided by 122.
16
What is the remainder when 4 is divided by 4?
0
Calculate the remainder when 141 is divided by 45.
6
What is the remainder when 75 is divided by 39?
36
Calculate the remainder when 446 is divided by 100.
46
Calculate the remainder when 1877 is divided by 75.
2
What is the remainder when 75 is divided by 16?
11
What is the remainder when 451 is divided by 208?
35
Calculate the remainder when 16 is divided by 2.
0
Calculate the remainder when 94 is divided by 35.
24
Calculate the remainder when 50 is divided by 8.
2
Calculate the remainder when 338 is divided by 336.
2
Calculate the remainder when 414 is divided by 54.
36
What is the remainder when 103 is divided by 96?
7
Calculate the remainder when 296 is divided by 75.
71
Calculate the remainder when 4828 is divided by 30.
28
Calculate the remainder when 744 is divided by 36.
24
Calculate the remainder when 47 is divided by 42.
5
Calculate the remainder when 232 is divided by 122.
110
What is the remainder when 371 is divided by 12?
11
What is the remainder when 161 is divided by 9?
8
Calculate the remainder when 211 is divided by 71.
69
What is the remainder when 44 is divided by 18?
8
What is the remainder when 426 is divided by 83?
11
What is the remainder when 136 is divided by 39?
19
Calculate the remainder when 648 is divided by 163.
159
What is the remainder when 217 is divided by 16?
9
What is the remainder when 730 is divided by 62?
48
Calculate the remainder when 1618 is divided by 116.
110
Calculate the remainder when 3553 is divided by 15.
13
What is the remainder when 119 is divided by 3?
2
What is the remainder when 1209 is divided by 396?
21
Calculate the remainder when 392 is divided by 215.
177
What is the remainder when 90 is divided by 47?
43
What is the remainder when 1883 is divided by 13?
11
Calculate the remainder when 3453 is divided by 91.
86
What is the remainder when 25 is divided by 2?
1
What is the remainder when 848 is divided by 843?
5
Calculate the remainder when 119 is divided by 15.
14
Calculate the remainder when 445 is divided by 56.
53
What is the remainder when 904 is divided by 9?
4
Calculate the remainder when 63 is divided by 11.
8
Calculate the remainder when 1685 is divided by 130.
125
Calculate the remainder when 12748 is divided by 10.
8
Calculate the remainder when 238 is divided by 10.
8
What is the remainder when 402 is divided by 364?
38
What is the remainder when 543 is divided by 238?
67
Calculate the remainder when 32 is divided by 13.
6
Calculate the remainder when 1031 is divided by 454.
123
Calculate the remainder when 159 is divided by 23.
21
Calculate the remainder when 1872 is divided by 613.
33
What is the remainder when 4982 is divided by 166?
2
Calculate the remainder when 91 is divided by 31.
29
What is the remainder when 163 is divided by 16?
3
Calculate the remainder when 1176 is divided by 85.
71
Calculate the remainder when 88 is divided by 3.
1
What is the remainder when 303 is divided by 76?
75
What is the remainder when 25 is divided by 18?
7
Calculate the remainder when 160 is divided by 23.
22
What is the remainder when 551 is divided by 173?
32
What is the remainder when 291 is divided by 139?
13
Calculate the remainder when 494 is divided by 74.
50
What is the remainder when 5933 is divided by 106?
103
What is the remainder when 288 is divided by 17?
16
What is the remainder when 170 is divided by 80?
10
What is the remainder when 850 is divided by 203?
38
What is the remainder when 91 is divided by 49?
42
What is the remainder when 31223 is divided by 5?
3
What is the remainder when 1016 is divided by 76?
28
Calculate the remainder when 919 is divided by 208.
87
What is the remainder when 16 is divided by 6?
4
What is the remainder when 358 is divided by 8?
6
Calculate the remainder when 679 is divided by 137.
131
What is the remainder when 589 is divided by 10?
9
Calculate the remainder when 832 is divided by 44.
40
What is the remainder when 23 is divided by 3?
2
What is the remainder when 915 is divided by 645?
270
Calculate the remainder when 440 is divided by 58.
34
Calculate the remainder when 886 is divided by 24.
22
Calculate the remainder when 236 is divided by 24.
20
Calculate the remainder when 63 is divided by 50.
13
What is the remainder when 2543 is divided by 24?
23
What is the remainder when 8063 is divided by 15?
8
Calculate the remainder when 118 is divided by 116.
2
Calculate the remainder when 200 is divided by 94.
12
Calculate the remainder when 244 is divided by 63.
55
Calculate the remainder when 864 is divided by 104.
32
What is the remainder when 12516 is divided by 40?
36
Calculate the remainder when 194 is divided by 49.
47
Calculate the remainder when 65 is divided by 4.
1
Calculate the remainder when 153 is divided by 45.
18
Calculate the remainder when 77 is divided by 24.
5
What is the remainder when 35 is divided by 9?
8
Calculate the remainder when 10925 is divided by 29.
21
What is the remainder when 363 is divided by 21?
6
What is the remainder when 251 is divided by 79?
14
What is the remainder when 884 is divided by 58?
14
Calculate the remainder when 280 is divided by 75.
55
Calculate the remainder when 2533 is divided by 20.
13
Calculate the remainder when 115 is divided by 76.
39
Calculate the remainder when 399 is divided by 6.
3
What is the remainder when 1367 is divided by 342?
341
Calculate the remainder when 803 is divided by 31.
28
What is the remainder 